2 - 14*a + 61. What is x(f)?
13
Let u(n) be the third derivative of -12*n**2 + 1/2*n**3 + 0*n + 0 + 1/12*n**4. Give u(-4).
-5
Suppose 0 = -2*r + 2*j - 26, 81*j - 17 = -3*r + 77*j. Let u(z) = -2*z + 4. Calculate u(r).
14
Let t(k) = 30*k - 158. Suppose -7 - 298 = -30*a - 31*a. Determine t(a).
-8
Suppose 4*p - 167 = d, -d - 205 = -5*p + d. Let k = -43 + p. Let u(c) be the second derivative of -c**3/6 + 3*c**2 + c. Give u(k).
6
Let y(w) = w + 1. Let l(u) = -u - 2. Let s(j) = l(j) + 3*y(j). Let r = 98 - 111. Let q(g) = g**3 + 15*g**2 + 25*g - 17. Let t be q(r). Calculate s(t).
-7
Let x(d) = d**3 + 2*d - 1. Let m be x(1). Suppose 0 = m*l - 114 - 30. Let j(t) = -125 + l + 67 - t. Calculate j(10).
4
Let m(j) = 2*j**3 - 14*j**2 + 11*j + 9. Suppose 147*p - 46*p - 156 = 75*p. Give m(p).
3
Let o = 276 + -77. Suppose -8*n - o = -871. Let z be n/63*18/(-8)*2. Let b(l) = -l**2 - 6*l - 5. Determine b(z).
-5
Let f(l) = 10*l + 70. Let g be ((-1)/(-2 - 0))/(23/(-644)*2). Give f(g).
0
Let j = 2369 + -2375. Let h(w) be the second derivative of 0 + w**3 + 1/12*w**4 + 8*w - 5/2*w**2. Determine h(j).
-5
Let q(s) = 2*s + 286. Let a(d) = -3*d - 3. Let j(b) = 2*a(b) - q(b). Determine j(-36).
-4
Let j = 137859 - 137865. Let v(g) be the first derivative of -1/3*g**3 + 5*g - 3*g**2 + 1. Calculate v(j).
5
Let r = 3273/2 + -1630. Let m(u) be the second derivative of -14*u - 1/3*u**3 - r*u**2 + 0. Give m(-10).
7
Let h(a) = -8*a - 26*a**2 - 12*a**2 + 2*a + 39*a**2 - 3. Let t(x) = -x**2 - 6*x - 2. Let n be t(-5). Suppose -j + 2*l + 4 + 1 = 0, -4*l + 25 = n*j. Give h(j).
4
Let j(y) = -y**3 + 2*y**2 + 3*y + 3. Let s be -8 - (8 + -15 - 4). Suppose -o + s = 2*o + 3*b, -b - 2 = 0. What is j(o)?
3
Let i(h) be the third derivative of -h**4/4 - 5*h**3/6 + 3360*h**2. Determine i(-13).
73
Let v(s) = -2*s - 23648 + 13*s**2 + 2*s**3 + 23605 + 23*s**2. Determine v(-18).
-7
Let l(y) = -y - 4. Let n(c) = c + 60. Let m(f) = 2*l(f) - n(f). Give m(-23).
1
Let m(o) = -4*o. Let y be -6 - (0 + 4)*-2. Suppose y*t = 2*z + 6, -5 = -2*t - 3*z + 6. What is m(t)?
-16
Let v(l) be the second derivative of 0*l**2 - 1/12*l**4 - 7*l - 1/120*l**5 - 19/6*l**3 + 0. Let f(h) be the second derivative of v(h). Calculate f(5).
-7
Let n be (-82)/(-451) + 4 + (-400)/22. Let y(q) = q**2 + 12*q - 4. Determine y(n).
24
Let r be 11 - (2 + -4 + 1). Suppose r*a = 17*a - 60. Let s be 50/a - (-17)/(-102). Let p(b) = 2*b - 1. Calculate p(s).
7
Let f(j) = j**2 + 8*j - 11. Suppose 4*b - 350 = 2*v, 2*v - 2*b = -578 + 232. Let u = 163 + v. Give f(u).
-11
Let c = -9495 - -9518. Let d(o) = -o**2 + 21*o + 36. Give d(c).
-10
Let v be -6*((-40)/15 + (-6)/2). Suppose -v = -5*z - 44. Let p(m) = 5 - 4 - 3 - 4*m. Determine p(z).
6
Let d(h) = 3*h + 12. Let w(p) = -p + 2. Let k(b) = d(b) + 2*w(b). Suppose 5*v = -2*f - 1, -2*v - 5 = -5*f - 80. What is k(f)?
3
Let d(j) be the second derivative of j**3/6 + j**2/2 - 106*j. Suppose -a - 4*w + 0 = -1, -a + 4*w = 7. Let c(p) = -p**2 - 3*p - 6. Let n be c(a). Give d(n).
-5
Let u(x) = x**3 - 12*x**2 - 19*x - 41. Let o(z) = 2*z + 2. Let d(f) = -5*o(f) - u(f). Determine d(13).
-21
Suppose 24 = 10*t - 2*t. Let m(d) = -t - 6*d + 2 + 5*d + 2*d. Determine m(0).
-1
Let j(p) be the first derivative of 5*p**4/4 + 12*p**3 + 9*p**2/2 - p + 3704. Determine j(-7).
-15
Let j = 1839 - 1836. Let o(q) = 3*q - 4. Let m(h) = h - 1. Let k = 11 + -6. Let s(i) = k*m(i) - o(i). Give s(j).
5
Suppose 37*j = -117 - 327. Let s(q) = -2*q**2 - 18*q + 78. Calculate s(j).
6
Let s(q) = -8 + 3*q**2 - 9*q**2 + 32*q**3 + 8*q - 3*q**2 - 35*q**3. Give s(-4).
8
Let h(c) = -c. Let l = 37 + -108. Let n = l + 77. Give h(n).
-6
Let h(g) = 7*g - 32. Let i be h(-4). Let m be (0 + (-4)/8)*i. Suppose 0 = -98*d + 93*d + m. Let j(k) = k**3 - 5*k**2 - 6*k + 3. Calculate j(d).
3
Let o(x) be the first derivative of 4*x**3/3 - 7*x**2/2 - 8*x - 4425. Determine o(3).
7
Let q(r) = 10*r - 57. Let t be q(6). Let o(w) = -25 + 0*w**2 + w - t*w + w**2 + 24. Give o(2).
-1
Let d(z) be the first derivative of 5*z**3/3 + z**2/2 - 2*z - 6. Let r be d(1). Let i(m) = -r*m + m**2 - 10 + m**2 - m - m**2. Determine i(7).
4
Let b(o) = 5*o**3 + 10*o**2 + 18*o + 1. Let s(t) = 12*t**3 + 23*t**2 + 37*t + 1. Let i(d) = -7*b(d) + 3*s(d). Calculate i(0).
-4
Let h(x) be the first derivative of 23*x**2/2 + 10*x - 5791. What is h(3)?
79
Let l(m) = 0*m - 187 - 4*m + 380 - 195. Determine l(-2).
6
Let a(f) = -f**2 - 12*f - 15. Let j be (3 - 5)/(30/(-195)). Suppose -j*n - 213 = -57. Calculate a(n).
-15
Let q(i) = 2*i**2 + 3*i + 3. Let x(y) = -3*y**2 - 3*y - 4. Let j(k) = 4*q(k) + 3*x(k). Let o(t) = 10*t + 5. Let w be o(1). Suppose -39 = 2*v - w*v. Give j(v).
0
Let q be 41*((-12)/5)/(4/30). Let s = q - -734. Let g(z) = -2*z**2 - 5*z + 2. Calculate g(s).
-10
Let p(d) be the second derivative of -d**3/2 - 17*d**2/2 - 1179*d. Let v = -15 - -8. Calculate p(v).
4
Let v be (2 - -2) + -5 + 2. Let o(k) = -k**2. Let g(s) = -6*s**2 - 6*s + 1. Let h(j) = v*g(j) - 5*o(j). What is h(-6)?
1
Suppose 3*y + 141 = 129, -5*p = -5*y + 10. Let k(u) = -2*u - 14. Calculate k(p).
-2
Let x(h) = -13 - 7*h - 430*h + 432*h + 9*h**2 + h**3. Give x(-9).
32
Let r = 151 + -154. Let g be (6 + -1)*(-2 + 1). Let x = g - r. Let k(t) = 6*t - 2. What is k(x)?
-14
Let s(g) = g**2 - 4*g - 9. Suppose -34*w = -30*w + 2*t + 10, -w = t + 5. Calculate s(w).
-9
Let y(n) be the second derivative of -n**3/3 - 89*n + 10. What is y(-12)?
24
Let h(u) = -2*u**3 - 7*u**2 + 14*u + 1. Let p = 12855 + -12860. What is h(p)?
6
Let f(a) = -41*a**3 - a**2 + a + 1. Let m(o) = 111*o - 334. Let h be m(3). Calculate f(h).
40
Let m(f) be the first derivative of -18*f**2 - 10*f + 1297. Give m(-2).
62
Let p(k) = -k**2 - 5. Let l(m) = -m**2 - 2*m - 48. Let i(h) = l(h) - 4*p(h). Determine i(-5).
57
Let u(i) = -5376*i - 11*i**2 + 9 + i**3 - 10*i**2 + 5396*i - i**2. Calculate u(21).
-12
Let y(t) = -3*t + 2*t - 6 + 5*t. Suppose 3830*i - 3834*i = -b - 46, 0 = -4*i + 20*b + 84. Give y(i).
38
Let t(o) be the third derivative of 35*o**4/24 - 251*o**3/6 + 2233*o**2 + 2*o + 2. What is t(7)?
-6
Suppose -2003 + 4213 = 20*o + 2090. Let w(p) = 2*p**3 - 13*p**2 + 7*p + 5. Give w(o).
11
Suppose -t = 0, -21*i + 23*i + 4*t = 14. Suppose -18 - 10 = i*r. Let o(x) = -x**2 - 2*x - 4. What is o(r)?
-12
Let n(m) = m**3 + 32*m**2 + 237*m - 39. Let g be n(-12). Let d(i) = i**3 + 5*i**2 - 13*i - 61. What is d(g)?
-4
Let v(c) = c**3 + c**2 + c - 4. Let a = -33 - -31. Let t be 780/66 + a/(-11). Suppose -t*l = -8*l. Give v(l).
-4
Let o = -11466 + 11466. Let g(c) be the second derivative of 26*c + o*c**2 - 1/3*c**3 + 0. Give g(-1).
2
Suppose 4193*m = 4205*m. Suppose 5*o + 33 - 5 = 4*u, 3*o + 18 = 3*u. Suppose n - u*y + 1 + 2 = 0, n - y + 5 = m. Let r(p) = p**3 + 8*p**2 + 7*p - 7. Give r(n).
-7
Let j(u) = 9 + 26 + 67*u - 29*u**2 + 31*u**2. Let i be j(-33). Let m(p) = 8*p - 1. What is m(i)?
15
Let m(t) = -2*t**2 - 3*t - 9. Suppose 7 + 5 = -4*k, -2*k = 2*g - 10. Let r(l) = -3*l**2 - 5*l - 14. Let x(v) = g*m(v) - 5*r(v). Let h = -2 - -2. Give x(h).
-2
Suppose 20 + 2 = 11*r. Suppose -3*q = -0*h + r*h + 22, -2*h - 2 = -2*q. Let w(n) = n**3 + 4*n**2 - n - 4. Give w(q).
0
Let r(x) = -x**3 - 3*x**2 + 3*x - 9. Suppose -w - 5*k = -19, -5*w - 51 = -3*k - 6. Determine r(w).
81
Let h(w) = 9*w**3 + 3*w**2 + 2*w - 3. Suppose -20*s + 14 = -15*s + 3*b, -2*s = 3*b - 11. What is h(s)?
11
Let n(h) = -4*h. Let r(s) = 2*s**2 - 4*s + 5. Suppose 0 = 7*k - 66 - 186. Let u be k/12*(-4)/(-6). Let i be r(u). What is n(i)?
-20
Let c(u) = 17*u**3 - 3*u + 2. Suppose 0 = -3*v + 5*i + 13, 3*v - 212*i + 208*i = 11. What is c(v)?
16
Let o(p) = -11*p + 48. Let h(w) = -18*w + 96. Let g(a) = -3*h(a) + 5*o(a). Determine g(0).
-48
Suppose -2*f - 30 = -7*f. Let p be f/1*(-10)/(-6). Suppose 5*d = 15 - p. Let g(m) = 2*m + 1. Calculate g(d).
3
Suppose -106*p = 235 + 189. Let b(w) = 4*w**2 + 18*w + 14. Determine b(p).
6
Let g be ((-170)/(-20) - 10 - -4)*-4. Let v(u) = -13*u - 134. Give v(g).
-4
Suppose -2*y = 2*r - 1 + 5, -5*y - 22 = -r. Let s(w) = 6 + w**3 - 3*w**3 - 4 + w + 2*w**r. Give s(-2).
24
Let l(n) = 67*n**3 + 53*n**2 + 65*n + 6. Let c(v) = -15*v**3 - 13*v**2 - 16*v - 2. Let f(w) = -9*c(w) - 2*l(w). What is f(-10)?
-34
Let g(n) be the third derivative of n**5/60 + n**4/12 - n**3/3 - 3*n**2. Let j be 513/36 + (-35